emainder when 12912702 is divided by 52.
10
What is the remainder when 14519263 is divided by 130?
83
What is the remainder when 268964 is divided by 1359?
1241
Calculate the remainder when 1821466 is divided by 5930.
956
Calculate the remainder when 3377214 is divided by 55.
49
What is the remainder when 366751181 is divided by 12?
5
What is the remainder when 12751 is divided by 135?
61
Calculate the remainder when 1173962 is divided by 2115.
137
Calculate the remainder when 52101 is divided by 2754.
2529
What is the remainder when 1351952 is divided by 2276?
8
What is the remainder when 30498 is divided by 1128?
42
What is the remainder when 9652352 is divided by 1570?
1562
Calculate the remainder when 21512345 is divided by 71.
55
What is the remainder when 58679 is divided by 19487?
218
What is the remainder when 59896 is divided by 59475?
421
What is the remainder when 468466 is divided by 1190?
796
What is the remainder when 390591 is divided by 10844?
207
What is the remainder when 4962308 is divided by 83?
70
What is the remainder when 39705466 is divided by 4369?
4363
Calculate the remainder when 335008806 is divided by 115920.
6
Calculate the remainder when 116053 is divided by 2873.
1133
Calculate the remainder when 5463785 is divided by 448.
425
Calculate the remainder when 679911 is divided by 61810.
1
Calculate the remainder when 4754222 is divided by 29347.
8
Calculate the remainder when 2073400 is divided by 7304.
6368
What is the remainder when 32250112 is divided by 280?
272
Calculate the remainder when 2789571 is divided by 2088.
3
Calculate the remainder when 4014014 is divided by 538.
534
Calculate the remainder when 64563 is divided by 32277.
9
What is the remainder when 1390472 is divided by 2057?
1997
Calculate the remainder when 201593 is divided by 2526.
2039
Calculate the remainder when 619293 is divided by 34.
17
Calculate the remainder when 2530049 is divided by 2529837.
212
What is the remainder when 7472698 is divided by 191?
14
Calculate the remainder when 2306537 is divided by 38435.
437
What is the remainder when 6056442 is divided by 72968?
98
What is the remainder when 414929 is divided by 103727?
21
What is the remainder when 6152096 is divided by 19?
10
What is the remainder when 15941 is divided by 84?
65
What is the remainder when 288106 is divided by 95792?
730
What is the remainder when 2065091 is divided by 56?
35
What is the remainder when 236446 is divided by 2096?
1694
Calculate the remainder when 4163938 is divided by 198.
196
Calculate the remainder when 24925 is divided by 1175.
250
What is the remainder when 4213769 is divided by 5?
4
Calculate the remainder when 315032 is divided by 1142.
982
What is the remainder when 350660 is divided by 9854?
5770
Calculate the remainder when 300344843 is divided by 586611.
11
Calculate the remainder when 751271 is divided by 189.
185
Calculate the remainder when 3510454 is divided by 857.
182
What is the remainder when 97459 is divided by 97254?
205
Calculate the remainder when 45321 is divided by 1148.
549
What is the remainder when 2571516 is divided by 4798?
4586
What is the remainder when 194053 is divided by 2205?
13
What is the remainder when 11820962 is divided by 7?
6
Calculate the remainder when 242091 is divided by 598.
499
Calculate the remainder when 709868 is divided by 626.
610
Calculate the remainder when 1219468 is divided by 39.
16
Calculate the remainder when 75904261 is divided by 8.
5
What is the remainder when 65113125 is divided by 14033?
5
Calculate the remainder when 2253360 is divided by 60.
0
What is the remainder when 117581089 is divided by 4210?
4209
What is the remainder when 1715808 is divided by 14540?
88
Calculate the remainder when 5835327 is divided by 32.
31
Calculate the remainder when 306862034 is divided by 34.
32
What is the remainder when 108471 is divided by 206?
115
Calculate the remainder when 11659457 is divided by 261.
65
What is the remainder when 1076815 is divided by 92?
47
Calculate the remainder when 44125677 is divided by 13.
11
What is the remainder when 846557 is divided by 10086?
9419
What is the remainder when 72629549 is divided by 8?
5
What is the remainder when 56115067 is divided by 16?
11
What is the remainder when 1669367 is divided by 27?
11
Calculate the remainder when 306755 is divided by 61351.
0
What is the remainder when 1591656 is divided by 12050?
1056
Calculate the remainder when 800223 is divided by 83.
20
What is the remainder when 7903181 is divided by 4153?
22
Calculate the remainder when 4365789 is divided by 20.
9
What is the remainder when 608189 is divided by 100?
89
Calculate the remainder when 634754 is divided by 33287.
2301
Calculate the remainder when 26195 is divided by 10153.
5889
Calculate the remainder when 1080990 is divided by 592.
590
Calculate the remainder when 1904746 is divided by 138.
70
Calculate the remainder when 187515 is divided by 1428.
447
What is the remainder when 846510 is divided by 174?
0
What is the remainder when 6493983 is divided by 18?
15
What is the remainder when 18314999 is divided by 175?
24
What is the remainder when 6413911 is divided by 187?
185
Calculate the remainder when 1531885 is divided by 4699.
11
What is the remainder when 3032686 is divided by 1377?
532
Calculate the remainder when 227328522 is divided by 32.
10
What is the remainder when 4271608 is divided by 45?
28
Calculate the remainder when 285726 is divided by 285701.
25
Calculate the remainder when 4960327 is divided by 3421.
3298
Calculate the remainder when 3330814 is divided by 5598.
4
Calculate the remainder when 6290234 is divided by 399.
398
Calculate the remainder when 2820096 is divided by 7346.
6578
Calculate the remainder when 12622916 is divided by 6311454.
8
What is the remainder when 112849 is divided by 22562?
39
What is the remainder when 1466542 is divided by 66?
22
Calculate the remainder when 23239648 is divided by 21.
19
What is the remainder when 182541202 is divided by 4235?
4232
What is the remainder when 1394168 is divided by 66381?
167
Calculate the remainder when 27979899 is divided by 1300.
1299
What is the remainder when 60327 is divided by 27639?
5049
What is the remainder when 15668249 is divided by 5?
4
Calculate the remainder when 318261 is divided by 533.
60
What is the remainder when 1847204161 is divided by 27?
25
What is the remainder when 2548594 is divided by 637139?
38
What is the remainder when 1422937 is divided by 81?
10
What is the remainder when 396893 is divided by 4961?
13
What is the remainder when 16054 is divided by 159?
154
What is the remainder when 142957894 is divided by 578?
576
Calculate the remainder when 64907 is divided by 4317.
152
What is the remainder when 334092 is divided by 409?
348
Calculate the remainder when 13174358 is divided by 4035.
83
Calculate the remainder when 118569658 is divided by 64.
58
What is the remainder when 150460554 is divided by 991?
988
What is the remainder when 1580856 is divided by 5377?
18
Calculate the remainder when 21041 is divided by 5171.
357
Calculate the remainder when 251288708 is divided by 15147.
15125
What is the remainder when 1557777 is divided by 48664?
529
Calculate the remainder when 877729 is divided by 219432.
1
Calculate the remainder when 1078249 is divided by 5312.
5225
Calculate the remainder when 29489 is divided by 9552.
833
Calculate the remainder when 6726302 is divided by 3363151.
0
What is the remainder when 67733572 is divided by 463?
376
Calculate the remainder when 132140 is divided by 131793.
347
What is the remainder when 130088320 is divided by 18?
16
Calculate the remainder when 82970 is divided by 7542.
8
Calculate the remainder when 518546 is divided by 7623.
182
What is the remainder when 7174793 is divided by 635?
563
What is the remainder when 310572 is divided by 366?
204
Calculate the remainder when 506708862 is divided by 102.
96
What is the remainder when 38999663 is divided by 566?
565
Calculate the remainder when 115582684 is divided by 693.
679
Calculate the remainder when 838309 is divided by 1660.
9
Calculate the remainder when 245197 is divided by 11140.
117
What is the remainder when 10953971 is divided by 995815?
6
What is the